?
True
Let f(y) = -y**3 + 12*y**2 - 10*y - 16. Let i be f(11). Is (6999 - 0)*(112/21 + i) composite?
False
Let z(a) = 36*a**2 + 5 + 8*a + 7*a - 19*a + 31*a**2. Let t be (-10)/(-4) - (-2)/(-4). Is z(t) composite?
True
Let o = 781562 - 537379. Is o composite?
True
Let v = 61 - 118. Let y = 53 + v. Let x(r) = -4*r**3 - 5*r - 2. Is x(y) composite?
True
Suppose -17*d - 97*d + 7000114 = 4*d. Is d prime?
False
Suppose -15*d = -20*d - 3110. Let r = 618 + -2411. Let c = d - r. Is c prime?
True
Suppose -8*s = -3107556 + 936892. Is s composite?
False
Let m(i) = -402*i - i**3 + 16 + 21*i**2 + 4 + 376*i. Let b be m(10). Suppose 8*a - b = -164. Is a composite?
True
Let n(o) be the second derivative of 0 - 15*o + 2*o**2 - 175/6*o**3. Is n(-1) a prime number?
True
Let j be 38/57 - (-116)/6. Suppose 24*n - j*n = 16. Suppose y + y + 1684 = n*q, 2*q - 826 = -3*y. Is q a prime number?
True
Suppose 7*c = -0*c + 2002. Suppose c = 2*o + 2*z - 350, -3*z + 3 = 0. Is o prime?
True
Suppose 5*h - 19 + 4 = 0. Suppose h*m = w, m + 2*w = 3*m. Suppose -o = -m*o - 115. Is o a composite number?
True
Suppose 0 = 3*t + 4*l - 150, -4*l + 111 - 15 = 2*t. Suppose -3*n = -12*n - t. Let r(j) = -126*j + 13. Is r(n) prime?
True
Suppose 0 = -5*h - 2*j + 339651, 24*h - 22*h - 135830 = 3*j. Is h a prime number?
True
Let b be 3/9*3 + 0 + -14965. Is 5 + (b/(-10) - (-8)/(-20)) prime?
False
Let i(h) = 37*h - 6. Let l be i(9). Let b = -483 + l. Let y = b + 322. Is y a composite number?
True
Suppose 0 = -23*g + 13*g + 40. Suppose 3*s = -15, -3*s + 4661 = g*y - 0*y. Is y prime?
False
Suppose -1 - 1 = p. Let u(k) = 148*k**2 + 6*k + 3. Is u(p) a composite number?
True
Suppose 93*o + 2104065 - 12163224 = 0. Is o composite?
True
Let r(z) = 225*z**2 - 155*z + 31. Is r(-14) a composite number?
False
Let t(k) = 2*k**3 - 7*k**2 - 14*k + 147571. Is t(0) a prime number?
True
Let z = 90042 + -53935. Is z prime?
True
Suppose -5*n = 4*n. Let d be 9/12 + n + (-164370)/(-40). Is d/15*(2 + -1) a prime number?
False
Let q = 2616 - 1096. Let d(g) = -56*g + 19. Let p be d(10). Let z = q + p. Is z prime?
False
Suppose 5*s + 600 = 120. Let g = s + 88. Is ((-6)/(-24) + 1050/g)*-1 a composite number?
False
Let g(h) = 13*h**2 + h - 7. Let z be g(-3). Let b = 199 - z. Suppose -3*t + 5*c = -b, -3*t + 13 = 2*c - 93. Is t composite?
True
Is (-88087)/((-18)/(-45) - (0 + (-14)/(-10))) a composite number?
True
Let q be 4176/20 + ((-18)/30)/(-3). Suppose -5*r + 10386 = -q. Is r composite?
True
Suppose -2*m - c - 2591 = -6806, 2*m + 3*c - 4213 = 0. Suppose 0 = -2*o + o + z - m, 2*o + z + 4228 = 0. Let x = o + 3851. Is x prime?
False
Let m be (2 - 3)*-2*-1. Let w be 2 - m - (-5 + 5). Suppose -1 = i, 3*i - 7033 = -w*o - 0*i. Is o a prime number?
True
Let c(u) = 2*u**2 - 10*u + 2. Let f = 60 + -55. Let j be c(f). Suppose n - 247 = -3*w, 5*n - 87 = j*w - 3*w. Is w prime?
False
Let i(r) = 93*r**2 - 5*r - 105. Let q be i(-15). Suppose 3*v - q = -2*x + 41670, 5*x + 15 = 0. Is v a composite number?
False
Let y(h) = 4*h**2 + 11*h + 7. Let s be y(-4). Is 64584/10 - s/(-45) prime?
False
Let r(u) = -23*u**2 + 3. Let x be r(-1). Let y(m) = 2*m**2 - 27*m + 39. Is y(x) a prime number?
False
Suppose 3*b - 12 = -3*b. Let v(r) = 24*r - 7 - 11*r**3 - 13*r - 16*r**2 - 2*r**b. Is v(-8) a composite number?
True
Let l be 2*(-3209 - -6)*1/(-2). Let z = 354 + l. Is z a composite number?
False
Let x(b) = -11*b**3 - 21*b**2 + 39*b. Is x(-11) a prime number?
False
Let o = 763 + 1688. Suppose 0 = -3*p + o + 6498. Is p a composite number?
True
Let z be (-766)/(-14) - 16/(-56). Let v = z + -31. Is 2934/v + (-3)/12 composite?
True
Let z be (2/4)/((-9)/18) - -3. Let a(i) = -i**3 + 3*i**2 - 6*i + 8. Let p be a(z). Suppose -2*o = -2*h - p*o + 510, -5*h - 3*o + 1291 = 0. Is h a prime number?
True
Let x(l) = 137*l**2 - 109*l + 123. Is x(21) a composite number?
True
Let k(b) = -156536*b - 4725. Is k(-7) prime?
False
Let f(c) = -3*c - 6. Let t be f(-3). Suppose 0 = -5*g + 3 + 12, -t*i = -g - 2748. Is i a prime number?
False
Suppose 0 = -44*b + 71*b - 19933263. Is b a prime number?
False
Suppose -58*o = -49650 - 31492. Is o a composite number?
False
Let h = -29 - 33. Let l = h - -73. Suppose -7*n + l*n = 8072. Is n prime?
False
Let y = 144 + -132. Suppose 17*p = y*p + 14565. Is p a composite number?
True
Let m be 1 - 2*(-1 + -136). Let x = -1708 - -2924. Let k = x - m. Is k composite?
False
Let n = 32 - 29. Suppose -4*z + n = -3*z. Suppose 8478 = 3*p + 3*d, 2*p = -0*p + z*d + 5657. Is p composite?
True
Let v(d) be the second derivative of 47*d**3/6 + 77*d**2/2 + 13*d + 1. Is v(24) a composite number?
True
Let t = 7787 - -27734. Is t prime?
True
Suppose -55*t + 9522478 = 3105408. Is t a composite number?
True
Suppose 0 = 11*j - 62 + 29. Suppose 0 = -3*v - j*f + 1036 + 722, 0 = -2*v - 4*f + 1170. Is v prime?
True
Suppose 10 = 2*h - 4*r + 2*r, 0 = 2*r + 10. Let o be ((4 - h) + -359)*-3. Suppose 0 = -i - 3*y - 81 + 302, -5*i - 5*y + o = 0. Is i a prime number?
False
Let r be -8 + 1 + (-6 + 0)/3. Let p be 2/((-2)/r) - 4. Is -163*(4/p)/((-18)/45) composite?
True
Suppose 5*f - 100573 = -2*a, 21971 - 1859 = f + 3*a. Suppose -6*u + f = -21711. Is u a composite number?
False
Let w(f) be the first derivative of 11*f**5/10 - f**4 - f**3 + 7*f**2/2 + 8*f + 5. Let b(u) be the first derivative of w(u). Is b(6) a prime number?
False
Let g = -18806 + 11632. Let a = -5055 - g. Is a a composite number?
True
Let u(j) = 3*j**2 + 87*j + 1745. Is u(-109) a prime number?
False
Let u = 723550 + -382145. Is u prime?
False
Is (-21147168)/(-448)*(2 + ((-16)/(-3))/(-4)) a composite number?
False
Suppose -5*p = -3*m - 2142, -5*p + 7*m = 2*m - 2150. Suppose -55*w = -58*w + p. Suppose -14*z = -w - 16056. Is z a composite number?
True
Suppose 0 = -4*w - 6900 + 21512. Is w + -15 - 1*-3 a prime number?
False
Let h(o) = 9794*o**2 - o. Let l be h(1). Suppose 3*s = -5*g + 41, -g - 2*g - 2 = -2*s. Suppose 0 = -s*w - 0*w + l. Is w composite?
False
Suppose 0*c - 5*c + 45 = 5*u, 4*u + 36 = 5*c. Suppose 0*o + 32 = c*o. Suppose -o*y = f - 0*y - 207, f - y = 227. Is f prime?
True
Suppose 3*h = -14 + 17. Let j(v) = 2412*v**2 + v - 2. Is j(h) a prime number?
True
Let d be 1/(-3)*6/(-2) - -2. Suppose 0 = -q - 4*i - 19, -q - d*i - 12 = 2*q. Is (q - (-12)/(-9))/((-8)/6024) a composite number?
False
Suppose 5*h + 5658 = 3*m + 59265, 3*h + 89345 = -5*m. Let w = -12660 - m. Is w prime?
True
Let c(r) be the third derivative of 196*r**6/5 - r**5/12 + r**4/6 - 5*r**2 - 5. Is c(1) composite?
False
Suppose -2*a + 921825 = 5*n, -921810 = -345*n + 340*n - 5*a. Is n prime?
False
Let b(c) = c**3 - c**2 + 4. Let v = -73 - -73. Let k be b(v). Suppose 9*u - 11015 = k*u. Is u a composite number?
False
Let k = 144 - 141. Suppose -2*q + 3221 = k*i, 2*q + 14 = 3*i - 3227. Is i a prime number?
False
Let i be ((-695)/(-10) + -2)*(-36)/15. Let t be (22/6)/(1/(-87)). Let c = i - t. Is c a composite number?
False
Let i(p) be the second derivative of 23*p**3/3 + 3*p**2/2 - p. Let s be (15/5)/9*12. Is i(s) composite?
True
Let v(l) = l**2 + 16*l + 3. Let d be v(-16). Let j be 1518*((-88)/3 + d). Is 3*-1 + j/(-23) a prime number?
False
Suppose -44*x = -41*x - 30. Suppose 2 = -2*h + x. Suppose 1500 = h*c + 4*k, -2*k - 293 = -c + 88. Is c a prime number?
False
Suppose -31480 = -4*f - b, -4*f + 30037 + 1447 = 2*b. Let m = 11164 - f. Is m a prime number?
False
Suppose 4*n + h - 17 = 0, -5*n + 2*n = -4*h - 8. Suppose -n*v = -7427 - 7865. Is v composite?
False
Suppose 0*p + 56 = 4*d - 5*p, -4*p - 41 = -3*d. Let j = d + 522. Is j a prime number?
True
Suppose -5*q = -25, 0 = b - 5*q - 95096 + 25283. Is b composite?
True
Let r be (-1 - -22510) + 16/4 + 1. Is r/(-6)*(0 + 3/(-1)) a composite number?
False
Let b = 550 - -1032. Suppose -4*u - 2*l + 5614 = b, 0 = -4*u - l + 4034. Is u a composite number?
False
Let d be 116/(-12) + 3 + 6/9. Let u(n) = -1481*n + 43. Is u(d) a prime number?
True
Let a be ((-1)/3)/((-7)/(-1218)). Let o = 63 + a. Suppose o*r - 951 - 1234 = 0. Is r a composite number?
True
Let g be (-8 + 0)*3/(-6). Suppose 0*w - 5*w - 2 = 4*c, 4*c = -4*w - g. Suppose w*m = 4*m + v - 4302, -m - 5*v + 2133 = 0. Is m composite?
False
Suppose -13*r + 84531 = -117840. Let v = 21814 - r. Is v composite?
False
Let l(h) = -h. Let t(p) = -209*p - 15.